visor of 6328157 and 1373?
1373
What is the greatest common factor of 192 and 4128?
96
What is the greatest common divisor of 972 and 332?
4
What is the highest common divisor of 819 and 12914811?
819
What is the highest common factor of 1353878 and 326?
326
Calculate the highest common factor of 15721 and 711.
79
Calculate the greatest common factor of 41 and 170970.
41
What is the greatest common factor of 562023 and 539?
77
Calculate the greatest common divisor of 2765 and 140.
35
What is the highest common factor of 7515 and 6795?
45
Calculate the highest common divisor of 95588 and 92.
92
What is the highest common divisor of 64 and 6880?
32
What is the highest common divisor of 171 and 9179451?
171
Calculate the highest common divisor of 4015 and 869.
11
Calculate the highest common factor of 118886 and 2.
2
What is the greatest common factor of 417490 and 1660?
830
Calculate the highest common divisor of 114180 and 44.
44
Calculate the greatest common factor of 160 and 32720.
80
What is the greatest common divisor of 970 and 4060?
10
Calculate the highest common divisor of 284107 and 323.
19
What is the highest common factor of 4427 and 42173?
233
Calculate the highest common factor of 408 and 40344.
24
Calculate the highest common divisor of 34723 and 8307.
13
Calculate the greatest common factor of 3612 and 25158.
42
Calculate the highest common divisor of 98 and 13280470.
98
What is the greatest common divisor of 11 and 569679?
11
Calculate the greatest common divisor of 88 and 78056.
88
What is the greatest common divisor of 2390 and 126110?
10
What is the highest common divisor of 30750 and 1722?
246
Calculate the greatest common divisor of 1278 and 17537.
71
Calculate the greatest common factor of 516 and 104316.
12
What is the greatest common factor of 312 and 2526?
6
What is the greatest common divisor of 1728 and 131424?
96
Calculate the greatest common divisor of 558 and 600282.
18
What is the greatest common factor of 2291 and 203?
29
What is the greatest common divisor of 1317449 and 952?
119
Calculate the highest common factor of 241 and 12.
1
What is the highest common factor of 33258 and 7176?
138
Calculate the greatest common factor of 23836 and 5252.
404
What is the highest common factor of 76 and 42484?
76
Calculate the highest common divisor of 342 and 44973.
171
What is the highest common factor of 1334 and 167678?
58
Calculate the greatest common factor of 44834 and 290.
58
What is the highest common divisor of 4860 and 6300?
180
What is the highest common factor of 14306 and 10948?
46
Calculate the highest common divisor of 19061 and 213950.
389
Calculate the greatest common divisor of 120 and 97616.
8
What is the greatest common factor of 2247180 and 1248?
156
Calculate the greatest common divisor of 20980 and 10.
10
What is the greatest common divisor of 27544 and 99?
11
Calculate the highest common factor of 6205 and 7008.
73
Calculate the highest common factor of 967113 and 1377.
459
Calculate the highest common factor of 65 and 485420.
65
Calculate the greatest common factor of 4608 and 23136.
96
What is the greatest common divisor of 1022 and 336?
14
What is the highest common factor of 765818 and 564?
94
Calculate the greatest common factor of 1351 and 4967627.
1351
What is the highest common divisor of 5797 and 4?
1
What is the highest common divisor of 1142852 and 2162?
94
Calculate the greatest common factor of 34430 and 352.
22
Calculate the greatest common divisor of 126712 and 1128.
376
What is the highest common divisor of 179078 and 552?
46
Calculate the highest common factor of 403 and 147901.
403
Calculate the highest common factor of 180234 and 38.
38
Calculate the highest common divisor of 105395 and 1070.
535
What is the highest common divisor of 1440 and 19720?
40
Calculate the highest common divisor of 2675 and 1391.
107
Calculate the highest common factor of 147 and 31409.
49
What is the greatest common divisor of 126 and 253939?
7
Calculate the greatest common factor of 1 and 6619.
1
What is the greatest common factor of 88 and 5164456?
88
Calculate the highest common factor of 65394 and 138.
6
What is the greatest common factor of 1452 and 13812?
12
Calculate the greatest common factor of 432 and 36882.
54
Calculate the greatest common factor of 267752 and 16.
8
What is the greatest common divisor of 57 and 410837?
19
What is the highest common factor of 3339 and 1701?
63
Calculate the highest common divisor of 8300769 and 2714.
1357
Calculate the greatest common divisor of 450522 and 1296.
162
What is the greatest common factor of 9100 and 63154?
182
Calculate the greatest common divisor of 108 and 103842.
54
Calculate the greatest common divisor of 7825 and 41250.
25
Calculate the highest common factor of 242978 and 62.
62
Calculate the greatest common factor of 1442035 and 35.
35
Calculate the highest common divisor of 394955 and 275.
55
What is the greatest common divisor of 37 and 103082?
37
What is the highest common factor of 357 and 1994763?
51
Calculate the highest common factor of 40876 and 1870.
22
Calculate the highest common factor of 969 and 31773.
51
Calculate the highest common factor of 5576 and 13448.
328
What is the highest common divisor of 1300 and 932?
4
Calculate the greatest common factor of 20165 and 925.
185
What is the highest common divisor of 26312 and 15288?
104
What is the highest common factor of 4620 and 196140?
420
Calculate the greatest common factor of 27272 and 2435.
487
Calculate the highest common divisor of 238782 and 126.
6
What is the greatest common factor of 137 and 59?
1
What is the highest common factor of 4757 and 46647?
71
What is the greatest common factor of 34 and 182733?
17
Calculate the greatest common divisor of 14 and 707.
7
What is the highest common divisor of 15171 and 195?
39
What is the greatest common factor of 12 and 2214?
6
What is the greatest common divisor of 5835 and 3030?
15
What is the highest common divisor of 28786 and 222?
74
What is the highest common divisor of 5083 and 44183?
391
What is the greatest common factor of 6648 and 1136?
8
What is the greatest common divisor of 16475 and 136413?
659
Calculate the greatest common divisor of 135 and 8913.
3
What is the greatest common divisor of 7618 and 9083?
293
What is the highest common factor of 146 and 3915866?
146
What is the greatest common factor of 25 and 5482750?
25
Calculate the greatest common factor of 1729 and 4199.
247
Calculate the highest common factor of 1809 and 64521.
603
What is the highest common divisor of 422 and 66465?
211
What is the greatest common divisor of 1725 and 1329?
3
Calculate the greatest common divisor of 2608 and 1328.
16
Calculate the greatest common factor of 2911 and 36121.
41
Calculate the greatest common factor of 284 and 6674.
142
What is the greatest common divisor of 318121 and 17?
17
What is the highest common factor of 2 and 1709?
1
Calculate the greatest common divisor of 2494 and 1204.
86
What is the greatest common divisor of 517 and 671?
11
Calculate the greatest common divisor of 242 and 8756.
22
What is the highest common divisor of 279889 and 19?
19
What is the greatest common factor of 115934 and 1352?
338
Calculate the highest common factor of 540 and 46080.
180
Calculate the greatest common divisor of 98 and 34447.
49
What is the highest common factor of 4 and 79348?
4
What is the greatest common divisor of 45 and 879915?
15
What is the highest common factor of 15634 and 22?
2
What is the greatest common divisor of 632 and 1358800?
632
Calculate the highest common divisor of 1545465 and 1182.
591
Calculate the highest common divisor of 710 and 6470940.
710
Calculate the greatest common divisor of 182 and 18298.
14
Calculate the highest common factor of 3395 and 20855.
485
What is the highest common divisor of 538870 and 10?
10
What is the greatest common divisor of 8281 and 539?
49
What is the greatest common divisor of 104 and 81211?
13
What is the greatest common factor of 1276 and 3364?
116
What is the greatest common factor of 4215 and 5145?
15
Calculate the greatest common factor of 295200 and 120.
120
What is the highest common divisor of 4809 and 1029?
21
Calculate the greatest common divisor of 5104 and